common factor of 592 and 26899?
37
Calculate the greatest common divisor of 468 and 47086.
26
What is the highest common factor of 20498 and 22160?
554
Calculate the highest common divisor of 16852 and 220.
44
What is the highest common divisor of 2338083 and 11286?
1881
What is the greatest common divisor of 1147795 and 4961?
451
What is the greatest common factor of 6 and 8632?
2
What is the greatest common factor of 4230869 and 151?
151
Calculate the highest common divisor of 8228 and 544.
68
Calculate the highest common factor of 7569 and 1392.
87
Calculate the highest common factor of 628 and 21195.
157
What is the greatest common divisor of 333 and 159729?
111
What is the highest common factor of 99 and 25785?
9
Calculate the highest common factor of 3852 and 432.
36
What is the greatest common divisor of 2391 and 2073?
3
What is the highest common divisor of 20277 and 153?
9
What is the greatest common divisor of 204659 and 2422?
1211
What is the highest common divisor of 1957743 and 135?
27
Calculate the highest common divisor of 3238517 and 493.
493
Calculate the greatest common divisor of 20462924 and 722.
722
Calculate the greatest common factor of 189771 and 17629.
1037
Calculate the highest common factor of 268 and 800.
4
What is the highest common factor of 20820 and 10380?
60
Calculate the highest common factor of 11450 and 117248.
458
What is the highest common factor of 16686 and 33681?
309
What is the highest common factor of 20 and 1442620?
20
Calculate the highest common factor of 96 and 16160.
32
What is the greatest common divisor of 3427 and 736?
23
Calculate the highest common factor of 11029824 and 1473.
1473
Calculate the highest common factor of 53669 and 17.
17
What is the highest common divisor of 392609 and 7?
7
What is the highest common factor of 25628 and 5215?
149
What is the greatest common factor of 4 and 1118208?
4
Calculate the greatest common factor of 286 and 168168.
286
Calculate the greatest common factor of 13609 and 11853.
439
Calculate the highest common divisor of 47 and 115009.
47
Calculate the greatest common factor of 87 and 1518411.
87
Calculate the highest common factor of 720 and 34740.
180
Calculate the highest common factor of 10117 and 4832.
151
Calculate the highest common divisor of 968 and 41866.
242
Calculate the greatest common divisor of 3100 and 1984.
124
What is the highest common divisor of 6 and 126594?
6
Calculate the highest common divisor of 58896 and 432.
144
Calculate the highest common divisor of 19 and 9299018.
19
What is the highest common divisor of 369 and 11358?
9
What is the highest common factor of 26089 and 28?
7
Calculate the greatest common factor of 1026 and 146502.
54
What is the greatest common divisor of 7772 and 2010?
134
What is the greatest common divisor of 57 and 7942?
19
What is the greatest common factor of 105 and 764925?
105
Calculate the greatest common factor of 22113 and 27.
27
What is the greatest common divisor of 31335 and 3675?
15
Calculate the highest common factor of 415 and 1000897.
83
What is the greatest common divisor of 202 and 542067?
101
What is the highest common factor of 12562 and 880?
22
Calculate the greatest common factor of 50 and 17610.
10
What is the highest common divisor of 1638 and 33138?
126
Calculate the highest common divisor of 1480 and 2680.
40
Calculate the greatest common divisor of 100 and 359.
1
What is the highest common factor of 91089 and 1827?
261
What is the greatest common factor of 7097 and 5405?
47
What is the greatest common divisor of 35448 and 504?
168
What is the greatest common divisor of 11736 and 2232?
72
What is the greatest common factor of 655 and 85?
5
What is the highest common divisor of 190959 and 477?
159
Calculate the highest common factor of 3390 and 2010.
30
Calculate the greatest common factor of 117 and 55107.
117
Calculate the highest common factor of 30 and 45024.
6
What is the highest common factor of 409066 and 244?
122
Calculate the greatest common divisor of 70 and 257290.
10
Calculate the highest common divisor of 263406 and 546.
78
Calculate the greatest common factor of 1113 and 504525.
21
What is the greatest common factor of 3131 and 5151?
101
Calculate the greatest common factor of 130193 and 77.
7
Calculate the highest common divisor of 174 and 128586.
174
Calculate the greatest common divisor of 1071 and 152712.
63
Calculate the greatest common divisor of 209 and 31900.
11
Calculate the highest common factor of 59339 and 173.
173
What is the highest common divisor of 6 and 66974?
2
Calculate the greatest common factor of 737965 and 37.
37
Calculate the greatest common factor of 66 and 243792.
6
Calculate the highest common divisor of 314 and 1111403.
157
What is the greatest common divisor of 484 and 141?
1
What is the highest common factor of 22748 and 188?
188
What is the highest common factor of 232 and 12934?
58
What is the highest common divisor of 132 and 69762?
66
Calculate the greatest common divisor of 136 and 951932.
68
Calculate the highest common divisor of 850187 and 204.
17
Calculate the greatest common divisor of 150 and 2230.
10
Calculate the highest common factor of 540013 and 2149.
307
What is the greatest common factor of 1274 and 12593?
49
Calculate the greatest common factor of 4002 and 34626.
174
Calculate the greatest common factor of 555254 and 1428.
238
What is the highest common divisor of 39202 and 493?
17
What is the highest common factor of 376381 and 801?
89
What is the highest common factor of 1710 and 8950?
10
What is the highest common factor of 158627 and 17?
17
What is the greatest common factor of 5850 and 5868?
18
Calculate the greatest common divisor of 2 and 244341.
1
Calculate the highest common factor of 46354 and 1529.
11
What is the greatest common factor of 408 and 1587?
3
What is the highest common divisor of 58 and 546418?
58
Calculate the greatest common factor of 1 and 19.
1
Calculate the greatest common factor of 515529 and 27054.
1503
Calculate the greatest common factor of 272 and 30532.
68
What is the greatest common divisor of 188 and 235893?
47
Calculate the greatest common factor of 112 and 41920.
16
What is the greatest common divisor of 1442 and 3811?
103
What is the greatest common factor of 30226 and 4522?
238
What is the greatest common factor of 12 and 5974740?
12
What is the greatest common factor of 58148 and 172?
4
What is the greatest common factor of 10933500 and 925?
925
What is the greatest common divisor of 385376 and 32?
32
What is the highest common factor of 10 and 30765?
5
Calculate the greatest common factor of 7212 and 6492.
12
What is the greatest common divisor of 268 and 168?
4
Calculate the greatest common divisor of 28992 and 8304.
48
What is the highest common factor of 236 and 2543136?
236
Calculate the greatest common factor of 29 and 1207009.
29
What is the greatest common divisor of 1602 and 234?
18
What is the highest common divisor of 50517 and 108?
27
Calculate the highest common factor of 403095 and 175.
35
What is the highest common factor of 830352 and 176?
16
Calculate the highest common factor of 1672 and 1507.
11
What is the highest common divisor of 759517 and 143?
11
What is the highest common factor of 10564 and 380?
76
What is the greatest common factor of 3245 and 55?
55
Calculate the greatest common divisor of 455 and 175.
35
What is the greatest common divisor of 8654 and 78?
2
Calculate the highest common factor of 196231 and 3395.
679
What is the highest common divisor of 2973713 and 103?
103
What is the greatest common divisor of 2025 and 3775?
25
What is the highest common factor of 1072 and 364346?
134
What is the greatest common divisor of 3705 and 8385?
195
Calculate the highest common factor of 17012830 and 388.
194
What is the greatest common factor of 9852 and 528?
12
Calculate the greatest common factor of 14647 and 13289.
97
Calculate the greatest common divisor of 113 and 30623.
113
What is the highest common divisor of 712 and 58562?
178
What is the greatest common divisor of 179193 and 212?
53
Calculate the highest common factor of 315 and 46773.
9
Calculate the greatest common divisor of 1379 and 83134.
197
Calculate the greatest common factor of 3901 an